{"id":16548,"date":"2019-11-22T12:29:06","date_gmt":"2019-11-22T12:29:06","guid":{"rendered":"http:\/\/www.leadersinactionsociety.com\/?page_id=16548"},"modified":"2019-11-28T10:56:09","modified_gmt":"2019-11-28T10:56:09","slug":"rui-moreira","status":"publish","type":"page","link":"https:\/\/www.leadersinactionsociety.com\/index.php\/rui-moreira\/","title":{"rendered":"Rui Moreira"},"content":{"rendered":"<p>[vc_row css_animation=&#8221;element_from_fade&#8221; row_type=&#8221;row&#8221; use_row_as_full_screen_section=&#8221;no&#8221; type=&#8221;grid&#8221; angled_section=&#8221;no&#8221; text_align=&#8221;left&#8221; background_image_as_pattern=&#8221;without_pattern&#8221; background_color=&#8221;#ffffff&#8221; z_index=&#8221;&#8221; css=&#8221;.vc_custom_1564055759069{margin-top: 80px !important;}&#8221;][vc_column width=&#8221;1\/3&#8243;][vc_empty_space height=&#8221;100px&#8221;][vc_single_image image=&#8221;16549&#8243; img_size=&#8221;full&#8221; qode_css_animation=&#8221;&#8221;][vc_empty_space height=&#8221;5px&#8221;][vc_column_text]<\/p>\n<h3>Episode<\/h3>\n<p>[\/vc_column_text][vc_empty_space height=&#8221;5px&#8221;][vc_video link=&#8221;https:\/\/youtu.be\/spil_Ke9nuQ&#8221; align=&#8221;center&#8221;][vc_empty_space height=&#8221;40px&#8221;][vc_column_text]<\/p>\n<h3>Last books<\/h3>\n<p>[\/vc_column_text][vc_empty_space height=&#8221;5px&#8221;][vc_column_text]<\/p>\n<p class=\"font_8 under\"><span class=\"color_15\"><a href=\"https:\/\/www.wook.pt\/livro\/sem-medo-do-futuro-rui-moreira\/19843639\" target=\"_blank\" rel=\"noopener undefined noreferrer\" data-content=\"https:\/\/www.amazon.com\/gp\/product\/0062362801\/ref=dbs_a_def_rwt_hsch_vamf_taft_p1_i2\" data-type=\"external\">Sem medo do futuro<\/a> (2017)<\/span><\/p>\n<p class=\"font_8 under\"><span class=\"color_15\"><a href=\"https:\/\/www.wook.pt\/livro\/nosso-porto-armando-tavares\/18978114\" target=\"_blank\" rel=\"noopener undefined noreferrer\" data-content=\"https:\/\/www.amazon.com\/Winning-Confronting-Toughest-Questions-Business\/dp\/0061241490\/ref=sr_1_1?__mk_pt_BR=%C3%85M%C3%85%C5%BD%C3%95%C3%91&amp;keywords=Winning%3A+The+Answers&amp;qid=1562153719&amp;s=books&amp;sr=1-1\" data-type=\"external\">Nosso Porto | Our Porto<\/a> (2016)<\/span><\/p>\n<p class=\"font_8 under\"><span class=\"color_15\"><a href=\"https:\/\/www.wook.pt\/livro\/tap-caixa-negra-rui-moreira\/17605574\" target=\"_blank\" rel=\"noopener undefined noreferrer\" data-content=\"https:\/\/www.amazon.com\/gp\/product\/0060753943\/ref=dbs_a_def_rwt_hsch_vamf_taft_p1_i0\" data-type=\"external\">TAP Caixa Negra<\/a> (2016)<\/span><\/p>\n<p class=\"font_8 under\"><a href=\"https:\/\/www.wook.pt\/autor\/rui-moreira\/26314\" target=\"_blank\" rel=\"noopener undefined noreferrer\" data-content=\"https:\/\/www.amazon.com\/s?k=jack+welch&amp;i=stripbooks&amp;crid=3P1CIY0OUS2V1&amp;sprefix=jack+welch%2Cmusic-intl-ship%2C220&amp;ref=nb_sb_ss_fb_1_10\" data-type=\"external\"><span class=\"color_15\">More books from Rui Moreira here<\/span><\/a><\/p>\n<p>[\/vc_column_text][vc_empty_space height=&#8221;40px&#8221;][vc_column_text]<\/p>\n<h3>Official links<\/h3>\n<p>[\/vc_column_text][vc_empty_space height=&#8221;5px&#8221;][vc_column_text]<\/p>\n<p class=\"font_8 under\"><a href=\"https:\/\/www.facebook.com\/ruimoreira2017\/\" target=\"_blank\" rel=\"noopener undefined noreferrer\" data-content=\"https:\/\/jackwelch.strayer.edu\/\" data-type=\"external\">Facebook<\/a><\/p>\n<p><a href=\"https:\/\/www.instagram.com\/ruimoreira2013\/\" target=\"_blank\" rel=\"noopener undefined noreferrer\" data-content=\"https:\/\/jackwelch.strayer.edu\/\" data-type=\"external\">Instagram<\/a><\/p>\n<p><a href=\"http:\/\/portoonossomovimento.pt\/\" target=\"_blank\" rel=\"noopener undefined noreferrer\" data-content=\"https:\/\/jackwelch.strayer.edu\/\" data-type=\"external\">More about Porto o Nosso Movimento<\/a>[\/vc_column_text][vc_empty_space height=&#8221;40px&#8221;][vc_column_text]<\/p>\n<h3>Hashtags<\/h3>\n<p>[\/vc_column_text][vc_empty_space height=&#8221;5px&#8221;][vc_column_text]<\/p>\n<p class=\"font_8 under\">#ruimoreira #politician #businessman #author #mayor #city #porto #associa\u00e7\u00e3ocomercialdoporto #culture #people #german #london #sailing #sea #freedom #writing #traveling # healthproblems #coma #mobility #densification<\/p>\n<p>[\/vc_column_text][vc_empty_space height=&#8221;60px&#8221;]<div class='q_icon_with_title small normal_icon '><div class=\"icon_holder \" style=\" \"><a itemprop=\"url\" href=\"https:\/\/www.leadersinactionsociety.com\/#leaders\" target=\"\" class=\"q_icon_link\"><span data-icon-type=\"normal\"  data-icon-hover-color=\"#ffc400\" style=\"\" class=\"qode_iwt_icon_holder q_font_awsome_icon fa-2x  \"><i class=\"qodef-icon-linea-icon icon-arrows-circle-right qode_iwt_icon_element\" style=\"color: #ffc400;\" ><\/i><\/span><\/a><\/div><div class=\"icon_text_holder\" style=\"\"><div class=\"icon_text_inner\" style=\"\"><h5 class=\"icon_title\" style=\"\"><\/h5><p style='color: #ffc400'>GO BACK TO LEADERS<\/p><a itemprop='url' class='icon_with_title_link' href='https:\/\/www.leadersinactionsociety.com\/#leaders' target='_self' style='color: rgba(255,255,255,0.01);'>Read More<\/a><\/div><\/div><\/div>[\/vc_column][vc_column width=&#8221;2\/3&#8243;][vc_empty_space height=&#8221;100px&#8221;][vc_column_text]<\/p>\n<h1 style=\"text-align: left;\">RUI<\/h1>\n<h1 style=\"text-align: left;\">MOREIRA<\/h1>\n<p>[\/vc_column_text][vc_empty_space height=&#8221;45px&#8221;][vc_column_text]<\/p>\n<h3 class=\"font_8\"><span class=\"color_15\">MEET RUI<\/span><\/h3>\n<p class=\"font_8\">The Portuguese businessman and politician, currently serving as Mayor of the city of Porto, in Portugal, began his term on October 22, 2013, and was re-elected for a new term on October 1, 2017. While officially an independent, he is supported by the CDS \u2013 the Popular Party of Portugal. Rui has become well known for his progressive and pragmatic policies, which put culture at the heart of the political agenda. He is a proud citizen of Porto who takes every opportunity to declare his love for the city.<\/p>\n<p>&nbsp;<\/p>\n<p class=\"font_8\">Rui went to the German School and the Liceu Nacional Garcia de Orta, both in Porto. He got his BA in business administration from the University of Greenwich, in London, in 1978, graduating top of his class. While studying in London, in 1975, Rui found that his father had been arrested. He remembers being in Picadilly Circus when he saw the words \u201cCoup d\u2019\u00e9tat in Portugal\u201d in the newspapers. The family business, Molaflex, was nationalised and the family accounts frozen. His father\u2019s arrest taught him one of the greatest lessons \u2013 life is not always fair.<\/p>\n<p>&nbsp;<\/p>\n<p class=\"font_8\">After graduating from university in London, Rui returned to his home country and soon became an active voice in the defense of the interests of the city of Porto and the Northern region of Portugal. He organized conferences about the topic and wrote for newspapers &#8211; where he was a regular chronicler. He was also a political commentator in several TV stations. As a businessman he had diverse interests, from maritime transportation to real estate.<\/p>\n<p>&nbsp;<\/p>\n<p class=\"font_8\">At 27, Rui was very much into sports \u2013 in particular, rugby and sailing. He had never thought of his death, he felt young and healthy, \u201cimortal\u201d. Until his kidneys suddenly shut off. The condition worsened and he went into a coma. He had to begin a hemodialysis treatment. At 34, he received a transplant from his brother and got better \u2013 but having come face to face with death significantly marked his life. At 35 Rui decided to give up his business and went through a period of having fun and enjoying life with his son.<\/p>\n<p>&nbsp;<\/p>\n<p class=\"font_8\">In 2001, Rui was elected President of the Associa\u00e7\u00e3o Comercial do Porto. After two years, he led an independent candidature to Porto\u2019s city hall and was elected on October 2013. In 2017, he ran for reelection as an independent again. He won with an absolute majority and will hold office until 2021. Because he ran as an independent, Rui was part of a wider movement in Europe of people who are shaking up the partisan status quo.<\/p>\n<p>&nbsp;<\/p>\n<p class=\"font_8\">Some of the big infrastructure plans in Rui\u2019s mandate were Mercado do Bolh\u00e3o, Matadouro, Gare Intermodal de Campanh\u00e3 and Pavilh\u00e3o Rosa Mota. Culture has been one of the main pillars of Rui\u2019s mandate.<\/p>\n<p>[\/vc_column_text][vc_empty_space height=&#8221;55px&#8221;][\/vc_column][\/vc_row][vc_row css_animation=&#8221;element_from_fade&#8221; row_type=&#8221;row&#8221; use_row_as_full_screen_section=&#8221;no&#8221; type=&#8221;grid&#8221; angled_section=&#8221;no&#8221; text_align=&#8221;left&#8221; background_image_as_pattern=&#8221;without_pattern&#8221; background_color=&#8221;#0a0a0a&#8221; anchor=&#8221;home&#8221; z_index=&#8221;&#8221;][vc_column width=&#8221;1\/4&#8243;][\/vc_column][vc_column width=&#8221;2\/4&#8243;][vc_empty_space height=&#8221;120px&#8221;][vc_column_text]<\/p>\n<p style=\"text-align: center;\"><span class=\"quote\">&#8216;I always identified culture as the cement in society. It is what brings people together. Between different generations you can use culture as a tool to put people together&#8217;.<\/span><\/p>\n<p>[\/vc_column_text][vc_empty_space height=&#8221;20px&#8221;][vc_column_text el_class=&#8221;name-depo&#8221;]<\/p>\n<h5 style=\"text-align: center;\"><span class=\"quote2\">RUI MOREIRA<\/span><\/h5>\n<p>[\/vc_column_text][vc_empty_space height=&#8221;140px&#8221;][\/vc_column][vc_column width=&#8221;1\/4&#8243;][\/vc_column][\/vc_row]<\/p>\n","protected":false},"excerpt":{"rendered":"<p>[vc_row css_animation=&#8221;element_from_fade&#8221; row_type=&#8221;row&#8221; use_row_as_full_screen_section=&#8221;no&#8221; type=&#8221;grid&#8221; angled_section=&#8221;no&#8221; text_align=&#8221;left&#8221; background_image_as_pattern=&#8221;without_pattern&#8221; background_color=&#8221;#ffffff&#8221; z_index=&#8221;&#8221; css=&#8221;.vc_custom_1564055759069{margin-top: 80px !important;}&#8221;][vc_column width=&#8221;1\/3&#8243;][vc_empty_space height=&#8221;100px&#8221;][vc_single_image image=&#8221;16549&#8243; img_size=&#8221;full&#8221; qode_css_animation=&#8221;&#8221;][vc_empty_space height=&#8221;5px&#8221;][vc_column_text] Episode [\/vc_column_text][vc_empty_space height=&#8221;5px&#8221;][vc_video link=&#8221;https:\/\/youtu.be\/spil_Ke9nuQ&#8221; align=&#8221;center&#8221;][vc_empty_space height=&#8221;40px&#8221;][vc_column_text] Last books [\/vc_column_text][vc_empty_space height=&#8221;5px&#8221;][vc_column_text] Sem medo do futuro (2017) Nosso Porto | Our Porto (2016) TAP Caixa Negra (2016) More&#8230;<\/p>\n","protected":false},"author":2,"featured_media":0,"parent":0,"menu_order":0,"comment_status":"open","ping_status":"open","template":"full_width.php","meta":[],"_links":{"self":[{"href":"https:\/\/www.leadersinactionsociety.com\/index.php\/wp-json\/wp\/v2\/pages\/16548"}],"collection":[{"href":"https:\/\/www.leadersinactionsociety.com\/index.php\/wp-json\/wp\/v2\/pages"}],"about":[{"href":"https:\/\/www.leadersinactionsociety.com\/index.php\/wp-json\/wp\/v2\/types\/page"}],"author":[{"embeddable":true,"href":"https:\/\/www.leadersinactionsociety.com\/index.php\/wp-json\/wp\/v2\/users\/2"}],"replies":[{"embeddable":true,"href":"https:\/\/www.leadersinactionsociety.com\/index.php\/wp-json\/wp\/v2\/comments?post=16548"}],"version-history":[{"count":9,"href":"https:\/\/www.leadersinactionsociety.com\/index.php\/wp-json\/wp\/v2\/pages\/16548\/revisions"}],"predecessor-version":[{"id":16563,"href":"https:\/\/www.leadersinactionsociety.com\/index.php\/wp-json\/wp\/v2\/pages\/16548\/revisions\/16563"}],"wp:attachment":[{"href":"https:\/\/www.leadersinactionsociety.com\/index.php\/wp-json\/wp\/v2\/media?parent=16548"}],"curies":[{"name":"wp","href":"https:\/\/api.w.org\/{rel}","templated":true}]}}

<p>[vc_row css_animation=&#8221;element_from_fade&#8221; row_type=&#8221;row&#8221; use_row_as_full_screen_section=&#8221;no&#8221; type=&#8221;grid&#8221; angled_section=&#8221;no&#8221; text_align=&#8221;left&#8221; background_image_as_pattern=&#8221;without_pattern&#8221; background_color=&#8221;#ffffff&#8221; z_index=&#8221;&#8221; css=&#8221;.vc_custom_1564055759069{margin-top: 80px !important;}&#8221;][vc_column width=&#8221;1/3&#8243;][vc_empty_space height=&#8221;100px&#8221;][vc_single_image image=&#8221;16549&#8243; img_size=&#8221;full&#8221; qode_css_animation=&#8221;&#8221;][vc_empty_space height=&#8221;5px&#8221;][vc_column_text]</p>
<h3>Episode</h3>
<p>[/vc_column_text][vc_empty_space height=&#8221;5px&#8221;][vc_video link=&#8221;https://youtu.be/spil_Ke9nuQ&#8221; align=&#8221;center&#8221;][vc_empty_space height=&#8221;40px&#8221;][vc_column_text]</p>
<h3>Last books</h3>
<p>[/vc_column_text][vc_empty_space height=&#8221;5px&#8221;][vc_column_text]</p>
<p class="font_8 under"><span class="color_15"><a href="https://www.wook.pt/livro/sem-medo-do-futuro-rui-moreira/19843639" target="_blank" rel="noopener undefined noreferrer" data-content="https://www.amazon.com/gp/product/0062362801/ref=dbs_a_def_rwt_hsch_vamf_taft_p1_i2" data-type="external">Sem medo do futuro</a> (2017)</span></p>
<p class="font_8 under"><span class="color_15"><a href="https://www.wook.pt/livro/nosso-porto-armando-tavares/18978114" target="_blank" rel="noopener undefined noreferrer" data-content="https://www.amazon.com/Winning-Confronting-Toughest-Questions-Business/dp/0061241490/ref=sr_1_1?__mk_pt_BR=%C3%85M%C3%85%C5%BD%C3%95%C3%91&amp;keywords=Winning%3A+The+Answers&amp;qid=1562153719&amp;s=books&amp;sr=1-1" data-type="external">Nosso Porto | Our Porto</a> (2016)</span></p>
<p class="font_8 under"><span class="color_15"><a href="https://www.wook.pt/livro/tap-caixa-negra-rui-moreira/17605574" target="_blank" rel="noopener undefined noreferrer" data-content="https://www.amazon.com/gp/product/0060753943/ref=dbs_a_def_rwt_hsch_vamf_taft_p1_i0" data-type="external">TAP Caixa Negra</a> (2016)</span></p>
<p class="font_8 under"><a href="https://www.wook.pt/autor/rui-moreira/26314" target="_blank" rel="noopener undefined noreferrer" data-content="https://www.amazon.com/s?k=jack+welch&amp;i=stripbooks&amp;crid=3P1CIY0OUS2V1&amp;sprefix=jack+welch%2Cmusic-intl-ship%2C220&amp;ref=nb_sb_ss_fb_1_10" data-type="external"><span class="color_15">More books from Rui Moreira here</span></a></p>
<p>[/vc_column_text][vc_empty_space height=&#8221;40px&#8221;][vc_column_text]</p>
<h3>Official links</h3>
<p>[/vc_column_text][vc_empty_space height=&#8221;5px&#8221;][vc_column_text]</p>
<p class="font_8 under"><a href="https://www.facebook.com/ruimoreira2017/" target="_blank" rel="noopener undefined noreferrer" data-content="https://jackwelch.strayer.edu/" data-type="external">Facebook</a></p>
<p><a href="https://www.instagram.com/ruimoreira2013/" target="_blank" rel="noopener undefined noreferrer" data-content="https://jackwelch.strayer.edu/" data-type="external">Instagram</a></p>
<p><a href="http://portoonossomovimento.pt/" target="_blank" rel="noopener undefined noreferrer" data-content="https://jackwelch.strayer.edu/" data-type="external">More about Porto o Nosso Movimento</a>[/vc_column_text][vc_empty_space height=&#8221;40px&#8221;][vc_column_text]</p>
<h3>Hashtags</h3>
<p>[/vc_column_text][vc_empty_space height=&#8221;5px&#8221;][vc_column_text]</p>
<p class="font_8 under">#ruimoreira #politician #businessman #author #mayor #city #porto #associaçãocomercialdoporto #culture #people #german #london #sailing #sea #freedom #writing #traveling # healthproblems #coma #mobility #densification</p>
<p>[/vc_column_text][vc_empty_space height=&#8221;60px&#8221;]<div class='q_icon_with_title small normal_icon '><div class="icon_holder " style=" "><a itemprop="url" href="https://www.leadersinactionsociety.com/#leaders" target="" class="q_icon_link"><span data-icon-type="normal"  data-icon-hover-color="#ffc400" style="" class="qode_iwt_icon_holder q_font_awsome_icon fa-2x  "><i class="qodef-icon-linea-icon icon-arrows-circle-right qode_iwt_icon_element" style="color: #ffc400;" ></i></span></a></div><div class="icon_text_holder" style=""><div class="icon_text_inner" style=""><h5 class="icon_title" style=""></h5><p style='color: #ffc400'>GO BACK TO LEADERS</p><a itemprop='url' class='icon_with_title_link' href='https://www.leadersinactionsociety.com/#leaders' target='_self' style='color: rgba(255,255,255,0.01);'>Read More</a></div></div></div>[/vc_column][vc_column width=&#8221;2/3&#8243;][vc_empty_space height=&#8221;100px&#8221;][vc_column_text]</p>
<h1 style="text-align: left;">RUI</h1>
<h1 style="text-align: left;">MOREIRA</h1>
<p>[/vc_column_text][vc_empty_space height=&#8221;45px&#8221;][vc_column_text]</p>
<h3 class="font_8"><span class="color_15">MEET RUI</span></h3>
<p class="font_8">The Portuguese businessman and politician, currently serving as Mayor of the city of Porto, in Portugal, began his term on October 22, 2013, and was re-elected for a new term on October 1, 2017. While officially an independent, he is supported by the CDS – the Popular Party of Portugal. Rui has become well known for his progressive and pragmatic policies, which put culture at the heart of the political agenda. He is a proud citizen of Porto who takes every opportunity to declare his love for the city.</p>
<p>&nbsp;</p>
<p class="font_8">Rui went to the German School and the Liceu Nacional Garcia de Orta, both in Porto. He got his BA in business administration from the University of Greenwich, in London, in 1978, graduating top of his class. While studying in London, in 1975, Rui found that his father had been arrested. He remembers being in Picadilly Circus when he saw the words “Coup d’état in Portugal” in the newspapers. The family business, Molaflex, was nationalised and the family accounts frozen. His father’s arrest taught him one of the greatest lessons – life is not always fair.</p>
<p>&nbsp;</p>
<p class="font_8">After graduating from university in London, Rui returned to his home country and soon became an active voice in the defense of the interests of the city of Porto and the Northern region of Portugal. He organized conferences about the topic and wrote for newspapers &#8211; where he was a regular chronicler. He was also a political commentator in several TV stations. As a businessman he had diverse interests, from maritime transportation to real estate.</p>
<p>&nbsp;</p>
<p class="font_8">At 27, Rui was very much into sports – in particular, rugby and sailing. He had never thought of his death, he felt young and healthy, “imortal”. Until his kidneys suddenly shut off. The condition worsened and he went into a coma. He had to begin a hemodialysis treatment. At 34, he received a transplant from his brother and got better – but having come face to face with death significantly marked his life. At 35 Rui decided to give up his business and went through a period of having fun and enjoying life with his son.</p>
<p>&nbsp;</p>
<p class="font_8">In 2001, Rui was elected President of the Associação Comercial do Porto. After two years, he led an independent candidature to Porto’s city hall and was elected on October 2013. In 2017, he ran for reelection as an independent again. He won with an absolute majority and will hold office until 2021. Because he ran as an independent, Rui was part of a wider movement in Europe of people who are shaking up the partisan status quo.</p>
<p>&nbsp;</p>
<p class="font_8">Some of the big infrastructure plans in Rui’s mandate were Mercado do Bolhão, Matadouro, Gare Intermodal de Campanhã and Pavilhão Rosa Mota. Culture has been one of the main pillars of Rui’s mandate.</p>
<p>[/vc_column_text][vc_empty_space height=&#8221;55px&#8221;][/vc_column][/vc_row][vc_row css_animation=&#8221;element_from_fade&#8221; row_type=&#8221;row&#8221; use_row_as_full_screen_section=&#8221;no&#8221; type=&#8221;grid&#8221; angled_section=&#8221;no&#8221; text_align=&#8221;left&#8221; background_image_as_pattern=&#8221;without_pattern&#8221; background_color=&#8221;#0a0a0a&#8221; anchor=&#8221;home&#8221; z_index=&#8221;&#8221;][vc_column width=&#8221;1/4&#8243;][/vc_column][vc_column width=&#8221;2/4&#8243;][vc_empty_space height=&#8221;120px&#8221;][vc_column_text]</p>
<p style="text-align: center;"><span class="quote">&#8216;I always identified culture as the cement in society. It is what brings people together. Between different generations you can use culture as a tool to put people together&#8217;.</span></p>
<p>[/vc_column_text][vc_empty_space height=&#8221;20px&#8221;][vc_column_text el_class=&#8221;name-depo&#8221;]</p>
<h5 style="text-align: center;"><span class="quote2">RUI MOREIRA</span></h5>
<p>[/vc_column_text][vc_empty_space height=&#8221;140px&#8221;][/vc_column][vc_column width=&#8221;1/4&#8243;][/vc_column][/vc_row]</p>
